igit of i?
5
Suppose 94*p - 353568 = 7*p. What is the tens digit of p?
6
Suppose -4*p + 2*p = 260. Let b = 5 - p. Suppose 0 = -x + 52 + b. What is the hundreds digit of x?
1
Suppose 0 = r + 4*f + 15, 2*r - f + 3*f = 0. Suppose c = -r*k + 1845, 3*c - 909 = -2*k - 184. What is the hundreds digit of k?
3
Suppose 3*z = -3*q + 25731, 192*q + 5*z + 17196 = 194*q. What is the hundreds digit of q?
5
Suppose 24*g - 28*g = -128. Let f = 35 - g. Suppose 3*k - 20 = 6*v - 7*v, f*v - 3*k - 48 = 0. What is the units digit of v?
7
Suppose 112*i = 108*i + 48. What is the tens digit of 2144/12 - 20/i?
7
Suppose -14816 + 45836 = 10*b. What is the thousands digit of b?
3
Let k = -56 - -152. Suppose 7*s - 3*s = k. What is the units digit of (55/20)/(2/s)?
3
Suppose -950*t = -954*t + 2*h + 204028, 2*t = 3*h + 102018. What is the units digit of t?
6
Suppose -10007 = -3*j - 5*l, -2*j + 5*l - 2*l = -6703. Suppose -8*s + 8256 = -j. What is the hundreds digit of s?
4
Let i = 1718 + -1178. Suppose j - 5*j = -i. What is the hundreds digit of (-81)/j - (-513)/5?
1
Suppose 0 = 72*g - 2677000 + 217480. What is the hundreds digit of g?
1
What is the hundreds digit of (10/(-6) + 1)/(31/(-322524))?
9
Let m(c) = 3*c**2 - 13*c + 52. Let t be m(7). What is the thousands digit of 156912/t + (-1)/(-9)?
1
Let i = -139 + 143. Suppose -55 = -i*r + 221. What is the tens digit of r?
6
Let l = -36082 + 63631. What is the ten thousands digit of l?
2
Suppose -135 + 2107 = 17*z. What is the units digit of (10 - z/12)/(1/993)?
1
Suppose 21*g = 20*g - 9. Let t(x) be the second derivative of x**5/20 + 5*x**4/6 + 7*x**3/6 - 7*x**2/2 + x. What is the tens digit of t(g)?
1
Let u = -21618 - -24560. What is the tens digit of u?
4
Suppose -1380102 + 9679942 = 148*r. What is the tens digit of r?
8
Let b = 20261 - 7768. What is the units digit of b?
3
What is the hundreds digit of (-9)/((-108)/(-96)) - (-2 + 4)*-24334?
6
Suppose w + 58 = 5*k, 0*k - 31 = -2*k + 3*w. Suppose 0 = -10*f + k*f - 71. Let r = f - -20. What is the tens digit of r?
9
Let c(o) = 4*o**2 - 260*o + 12. What is the units digit of c(-13)?
8
Suppose -d + 3 = -34. Suppose -8 = 35*c - d*c. Suppose -c*y + 263 = -269. What is the tens digit of y?
3
Suppose 2 = w + 5*l - 11, 4*w = 3*l + 6. Let v(b) = 30*b - 1758*b**2 - 28*b + 1765*b**2 - 7. What is the units digit of v(w)?
2
What is the units digit of (-12 + 104/13)*(-8727)/12?
9
Let v = 43 + -46. Let c(o) = -9*o + 13. Let s be c(v). Let k = 68 - s. What is the units digit of k?
8
Let n be 2 + -4 + 4/(-8)*2. What is the units digit of 6*n/27*-84?
6
Let n(w) = 848*w**2 + 962*w - 37. What is the hundreds digit of n(-5)?
3
Let h = 123367 + -83091. What is the tens digit of h?
7
Suppose 0 = -4*r + 3*h + 47, -7*r = -4*r + 3*h - 30. Suppose -r*p + 2932 = -9*p. What is the hundreds digit of p?
4
Let h be -4 + (12/(-16))/((-1)/164). Let b = h - 88. What is the units digit of b?
1
Let i = -2580 + 1733. Let d = i + 997. What is the units digit of d?
0
Let w(p) = -3*p + 45. Let x be w(14). Let b(j) = j**3 - j**2. Let r be b(0). Suppose -z - 163 = -x*s - r*z, -215 = -4*s - z. What is the units digit of s?
4
Let g = 94 + -106. What is the hundreds digit of 1446*(-1 - 1)/g?
2
Let v be -3*(-10)/(-165) - 46/(-11). Let r(t) = -2*t - 6. Let l be r(-5). Suppose 0 = l*m + v*m - 176. What is the tens digit of m?
2
What is the tens digit of 41958 - (7 + 0 + 0/(-7) + -10)?
6
Let g(l) be the third derivative of 67*l**5/20 - l**4/12 + l**3/2 - l**2. Let t be ((-30)/(-120))/((-2)/4)*-2. What is the hundreds digit of g(t)?
2
What is the ten thousands digit of 1742395/60 + 14/2 + (-1992)/288?
2
Let w = -2713 + 35412. What is the tens digit of w?
9
What is the thousands digit of (-4 + 3018/(-9))*(18 + -54)?
2
What is the thousands digit of -4618*24/(-16 + 4)?
9
Let v(q) = 6*q**3 - 12*q**2 - 9*q - 12. Let l be v(-11). Let x be l/(-21) - (-16)/(-56). Suppose -5*g + 285 = -x. What is the hundreds digit of g?
1
Let y(w) = -38*w - 39. Let l(b) = -74*b - 77. Let j(q) = q. Let p(v) = -j(v) + l(v). Let r(d) = 4*p(d) - 7*y(d). What is the units digit of r(-5)?
5
Let w(g) = 90*g**3 + 7*g**2 + 5*g - 153. What is the ten thousands digit of w(6)?
1
Let o = 532 - 529. Suppose -3*r - 3*w = -150 - 1245, -1405 = -o*r - 5*w. What is the hundreds digit of r?
4
Let d(g) = 447*g**2 - 26*g + 43. What is the hundreds digit of d(4)?
0
Suppose 41*c - 103442 - 20173 = 0. What is the thousands digit of c?
3
Suppose -14*w + 171 = -879. Suppose 2184 = -68*i + w*i. What is the hundreds digit of i?
3
Let r = 88 - 78. Suppose 2329 = r*n - 541. What is the tens digit of n?
8
Suppose 0 = -z + 3*z + c + 15, -z = -3*c - 3. What is the units digit of -1262*(z + 22/4)?
1
Let u = 172 + -185. What is the hundreds digit of 348*(u/(-3) - 4)?
1
Let w = -102 + 108. Let n(x) = 3*x**3 + x**2 + 6*x + 6. What is the tens digit of n(w)?
2
Let x(y) be the third derivative of 3*y**6/80 + y**5/60 - 7*y**4/12 + 14*y**2. Let f(o) be the second derivative of x(o). What is the units digit of f(3)?
3
Suppose -64*w + 62234 + 492710 = 0. What is the hundreds digit of w?
6
Suppose 0 = 3*f + 5*h - 7, -4*f - 3*h + 0*h + 13 = 0. Suppose 2*w - 746 = j - f*j, -4*j = 5*w - 1004. What is the hundreds digit of j?
2
Suppose 4*h = 19 + 13. Suppose -h*y + 3*y = 80. Let p(u) = u + 31. What is the tens digit of p(y)?
1
Let c(r) = -4*r**3 + 13*r**2 - 6*r + 57395. What is the units digit of c(0)?
5
Let n(a) be the second derivative of a**5/20 - 11*a**4/12 + a**3/2 + 8*a**2 + 14*a. Let i be n(11). Let b = 23 + i. What is the units digit of b?
2
Suppose 3*k - 2*m - 43706 = 0, 11*m = 9*m + 4. What is the units digit of k?
0
Let t(k) = 8*k - 9. Let s be t(4). Let o = -23 + s. Suppose r + 140 = 5*j - 283, o = -j + 3*r + 93. What is the tens digit of j?
8
Let x(p) = 20*p**3 + p**2 + p - 2. Let t = -55 - -59. Suppose 5*f = -20, k + 4*f - t + 19 = 0. What is the tens digit of x(k)?
2
Let k(p) be the first derivative of 81*p**2/2 - 93*p - 294. What is the tens digit of k(6)?
9
Let j(w) be the second derivative of 31*w**3/3 - 86*w**2 - 2*w - 27. What is the tens digit of j(13)?
3
Let h(i) = -3*i**2 - 11*i - 63. Let j(c) = 12*c**2 + 43*c + 249. Let v(n) = 22*h(n) + 6*j(n). What is the hundreds digit of v(-12)?
7
Suppose -20 = -5*m, -6*m + 9*m = -4*f + 10228. Suppose 3*p + 637 = f. What is the units digit of p?
9
Suppose d + 3*t + 0*t - 73 = 0, -5*d - t + 323 = 0. Let o(s) = d*s**2 - 4 + 190*s - 96*s - 22*s**2 - 91*s. What is the units digit of o(2)?
0
Let r be (-8939)/(-6) + 2/12. Suppose 0*k + r = 2*k. Suppose 15*x - k = 10*x. What is the hundreds digit of x?
1
Let u = 85 - 38. Suppose -u = -7*p - 12. Suppose -5*z = -5*v + 485, -2*z + 0*z - 494 = -p*v. What is the tens digit of v?
0
Suppose -4*s - 4*i = -1520, -s + 477 - 81 = 5*i. Suppose -m + 4*t = -0*m - 182, 4*t = 2*m - s. What is the hundreds digit of m?
1
Suppose 13*y + 572 = 2*y. Let a = 293 + y. What is the units digit of a?
1
Let o = 9309 + -4521. What is the units digit of o?
8
Let k = -317 - 131. Let f = k + 707. What is the units digit of f?
9
Let a(h) = 31*h - 9. Let d(u) be the third derivative of -u**4/4 - 7*u**3/6 - 17*u**2. Let i be d(-2). What is the hundreds digit of a(i)?
1
Let z = -3810 + 1405. Let o = z + 3487. What is the units digit of o?
2
Let u = 226 + -224. Suppose 5*m = -2*c + 1905, -m + u*c = 48 - 429. What is the units digit of m?
1
Let k = 32563 - 20741. What is the thousands digit of k?
1
Let p(t) = -20*t**3 - 13*t**2 + 3*t + 73. What is the ten thousands digit of p(-9)?
1
What is the thousands digit of 89 + -95 + (-17)/(1 - 5796/5792)?
4
Let b(d) = -d**3 + d**2 + 5*d - 4. Let l be b(2). Suppose 3*j = l*q + 2573, -4310 = -5*j + 9*q - 10*q. What is the units digit of j?
1
What is the units digit of 1/8 + (-36)/(-60) + 1460251/40?
7
Suppose -5*z = -26*z + 11424. Let o = 435 + z. What is the units digit of o?
9
Let q = 396 + -382. Suppose 2959 = q*k - 3761. What is the units digit of k?
0
Let c = 242 + -134. What is the units digit of (c/(-6))/(-3) + 698?
4
Suppose -2*s - n - 284 = 0, 2*s - 3*s + 2*n = 152. Let l = 1552 + s. What is the units digit of l?
8
Suppose -5*t + 10 = 0, 5*m + 5*t = m + 254. Let i = m + -59. Suppose -3*k + 384 = -k + 4*u, -5*k = -i*u - 996. What is the hundreds digit of k?
1
Let h be 2 - (1 - (